{"id":170,"date":"2013-02-21T13:03:08","date_gmt":"2013-02-21T11:03:08","guid":{"rendered":"http:\/\/www.krabbelstube-krachmacherstrasse.de\/?page_id=170"},"modified":"2013-02-21T13:06:28","modified_gmt":"2013-02-21T11:06:28","slug":"1-4-elternbeteiligung","status":"publish","type":"page","link":"https:\/\/www.krabbelstube-krachmacherstrasse.de\/?page_id=170","title":{"rendered":"1.4 Elternbeteiligung"},"content":{"rendered":"<p>Eine Elterninitiative lebt von der Beteiligung und Mitwirkung der Eltern. W\u00e4hrend beides zwar auch Aufgaben (z.B. Vorstand, Finanzbuchhaltung, Kochen, Putzen, Einkaufen, Raumgestaltung etc.) mit sich zieht, so erlangen die Eltern doch auch viel mehr Rechte und M\u00f6glichkeiten: Sie organisieren ihre eigene Krabbelstube und k\u00f6nnen \u00fcber die wesentlichen Rahmenbedingungen, aber auch im Detail mitbestimmen. Die Eltern engagieren sich somit f\u00fcr ihr Kind, vertreten ihre Bed\u00fcrfnisse und Vorstellungen, und sind auch an der Erziehung ihres Kindes au\u00dferhalb der eigenen Familie beteiligt.<\/p>\n<p>Mindestens einmal j\u00e4hrlich findet eine Mitgliederversammlung statt, in der der\/die 1. Vorsitzende, die zwei StellvertreterInnen, der\/die Schriftf\u00fchrerIn und der\/die Kassenw\u00e4chterIn f\u00fcr ein Jahr gew\u00e4hlt wird.<\/p>\n<p>Ca. einmal monatlich findet ein Elternabend statt. Die Elternabende befassen sich mit p\u00e4dagogischen Themen, dem Krabbelstubenalltag und haben zus\u00e4tzlich die organisatorische Funktion des Informationsaustausches und der Aufgabenverteilung. Einige Aufgaben innerhalb der Krabbelstubenorganisation werden durch Arbeitskreise geregelt, in denen sich einige Eltern zusammenschlie\u00dfen, um sich mit der entsprechenden Aufgabe bzw. dem entsprechenden Thema zu befassen (z.B. Arbeitskreis Renovierung und Raumgestaltung, Spielzeugbeschaffung etc.). Zus\u00e4tzlich \u00fcbernimmt jede Familie ein Amt (z.B. Einkaufen, Geschenke, Arbeitssicherheit,\u2026)<\/p>\n","protected":false},"excerpt":{"rendered":"<p>Eine Elterninitiative lebt von der Beteiligung und Mitwirkung der Eltern. W\u00e4hrend beides zwar auch Aufgaben (z.B. Vorstand, Finanzbuchhaltung, Kochen, Putzen, Einkaufen, Raumgestaltung etc.) mit sich zieht, so erlangen die Eltern doch auch viel mehr Rechte und M\u00f6glichkeiten: Sie organisieren ihre&hellip;<\/p>\n<p class=\"more-link-p\"><a class=\"more-link\" href=\"https:\/\/www.krabbelstube-krachmacherstrasse.de\/?page_id=170\">Read more &rarr;<\/a><\/p>\n","protected":false},"author":1,"featured_media":0,"parent":149,"menu_order":4,"comment_status":"closed","ping_status":"closed","template":"","meta":[],"_links":{"self":[{"href":"https:\/\/www.krabbelstube-krachmacherstrasse.de\/index.php?rest_route=\/wp\/v2\/pages\/170"}],"collection":[{"href":"https:\/\/www.krabbelstube-krachmacherstrasse.de\/index.php?rest_route=\/wp\/v2\/pages"}],"about":[{"href":"https:\/\/www.krabbelstube-krachmacherstrasse.de\/index.php?rest_route=\/wp\/v2\/types\/page"}],"author":[{"embeddable":true,"href":"https:\/\/www.krabbelstube-krachmacherstrasse.de\/index.php?rest_route=\/wp\/v2\/users\/1"}],"replies":[{"embeddable":true,"href":"https:\/\/www.krabbelstube-krachmacherstrasse.de\/index.php?rest_route=%2Fwp%2Fv2%2Fcomments&post=170"}],"version-history":[{"count":2,"href":"https:\/\/www.krabbelstube-krachmacherstrasse.de\/index.php?rest_route=\/wp\/v2\/pages\/170\/revisions"}],"predecessor-version":[{"id":181,"href":"https:\/\/www.krabbelstube-krachmacherstrasse.de\/index.php?rest_route=\/wp\/v2\/pages\/170\/revisions\/181"}],"up":[{"embeddable":true,"href":"https:\/\/www.krabbelstube-krachmacherstrasse.de\/index.php?rest_route=\/wp\/v2\/pages\/149"}],"wp:attachment":[{"href":"https:\/\/www.krabbelstube-krachmacherstrasse.de\/index.php?rest_route=%2Fwp%2Fv2%2Fmedia&parent=170"}],"curies":[{"name":"wp","href":"https:\/\/api.w.org\/{rel}","templated":true}]}}