{"id":203,"date":"2013-02-21T13:16:41","date_gmt":"2013-02-21T11:16:41","guid":{"rendered":"http:\/\/www.krabbelstube-krachmacherstrasse.de\/?page_id=203"},"modified":"2013-02-21T13:16:41","modified_gmt":"2013-02-21T11:16:41","slug":"2-2-6-erfahrungsfeld-natur-und-umwelt","status":"publish","type":"page","link":"https:\/\/www.krabbelstube-krachmacherstrasse.de\/?page_id=203","title":{"rendered":"2.2.6 Erfahrungsfeld Natur und Umwelt"},"content":{"rendered":"<p>Um den Kindern auch die Erfahrungen in und mit der Natur zu erm\u00f6glichen, streben wir Ausfl\u00fcge an: Die W\u00e4lder um N\u00fcrnberg, das Erfahrungsfeld der Sinne. Aber auch die Gro\u00dfstadt bietet Natur, die unsere Kinder kennen lernen k\u00f6nnen: Den Rosenaupark, den Kontumazgarten, die Pegnitzwiesen sowie\u00a0 Spielpl\u00e4tze.<\/p>\n<p>Uns ist wichtig, Kindern die Natur als ein Erlebnis nahe zu bringen: B\u00e4ume, Bl\u00e4tter, Rinde, Erde, Wind, Regen, Schnee und Sonne sollen mit allen Sinnen erfahren und gesp\u00fcrt werden.<\/p>\n<p>Wir wollen aber nicht nur die Natur besuchen, wir wollen sie uns auch zu uns holen: In unserem Krabbelstubenhof pflanzen wir die verschiedensten Sachen und k\u00f6nnen dort beobachten, wie Pflanzen wachsen und gedeihen. Aber auch in unseren R\u00e4umen sollen Dinge aus der Natur Erfahrungen und Spiele erm\u00f6glichen. Getrocknete Rinde, Kastanien und Tannenzapfen k\u00f6nnen f\u00fcr die Kinder tolle Spielmaterialien sein, die durch ihren Duft, die Oberfl\u00e4che und ihre Individualit\u00e4t in der Beschaffenheit die Sinne und die Wahrnehmung anregen k\u00f6nnen.<\/p>\n<p>Zu unserem Umfeld geh\u00f6rt aber nat\u00fcrlich auch die Stadt, die ebenso spannend f\u00fcr die Kinder sein und zahlreiche Lernerfahrungen bieten kann. Wir beobachten die M\u00fcllabfuhr, besuchen Baustellen, lernen Ampelanlagen kennen, fahren Bus, Stra\u00dfenbahn, U-Bahn und Zug und lernen die Stadt entsprechend der Interessen der Kinder kennen. H\u00e4ufig gehen wir mit nur 1-3 Kindern spazieren. Manchmal brauchen wir f\u00fcr 20 Meter eine Stunde. Solche Spazierg\u00e4nge bedeuten f\u00fcr Kinder eine Welterforschung in ihrem Tempo und ihrem Interesse entsprechend. Diese Ausfl\u00fcge tragen zu einer wertvollen und erfahrungsreichen Beziehung zwischen Kind und Erzieher statt, denn wir bem\u00fchen uns um den Blickwinkel der Kinder und geben ihnen die Zeit f\u00fcr ihre Entdeckungen, die sie brauchen. Wir k\u00f6nnen gemeinsam Fragen entwickeln und Antworten finden und vor allen Dingen eine wunderbare Zeit miteinander verbringen.<\/p>\n","protected":false},"excerpt":{"rendered":"<p>Um den Kindern auch die Erfahrungen in und mit der Natur zu erm\u00f6glichen, streben wir Ausfl\u00fcge an: Die W\u00e4lder um N\u00fcrnberg, das Erfahrungsfeld der Sinne. Aber auch die Gro\u00dfstadt bietet Natur, die unsere Kinder kennen lernen k\u00f6nnen: Den Rosenaupark, den&hellip;<\/p>\n<p class=\"more-link-p\"><a class=\"more-link\" href=\"https:\/\/www.krabbelstube-krachmacherstrasse.de\/?page_id=203\">Read more &rarr;<\/a><\/p>\n","protected":false},"author":1,"featured_media":0,"parent":190,"menu_order":6,"comment_status":"closed","ping_status":"closed","template":"","meta":[],"_links":{"self":[{"href":"https:\/\/www.krabbelstube-krachmacherstrasse.de\/index.php?rest_route=\/wp\/v2\/pages\/203"}],"collection":[{"href":"https:\/\/www.krabbelstube-krachmacherstrasse.de\/index.php?rest_route=\/wp\/v2\/pages"}],"about":[{"href":"https:\/\/www.krabbelstube-krachmacherstrasse.de\/index.php?rest_route=\/wp\/v2\/types\/page"}],"author":[{"embeddable":true,"href":"https:\/\/www.krabbelstube-krachmacherstrasse.de\/index.php?rest_route=\/wp\/v2\/users\/1"}],"replies":[{"embeddable":true,"href":"https:\/\/www.krabbelstube-krachmacherstrasse.de\/index.php?rest_route=%2Fwp%2Fv2%2Fcomments&post=203"}],"version-history":[{"count":1,"href":"https:\/\/www.krabbelstube-krachmacherstrasse.de\/index.php?rest_route=\/wp\/v2\/pages\/203\/revisions"}],"predecessor-version":[{"id":204,"href":"https:\/\/www.krabbelstube-krachmacherstrasse.de\/index.php?rest_route=\/wp\/v2\/pages\/203\/revisions\/204"}],"up":[{"embeddable":true,"href":"https:\/\/www.krabbelstube-krachmacherstrasse.de\/index.php?rest_route=\/wp\/v2\/pages\/190"}],"wp:attachment":[{"href":"https:\/\/www.krabbelstube-krachmacherstrasse.de\/index.php?rest_route=%2Fwp%2Fv2%2Fmedia&parent=203"}],"curies":[{"name":"wp","href":"https:\/\/api.w.org\/{rel}","templated":true}]}}