{"id":209,"date":"2013-02-21T13:20:19","date_gmt":"2013-02-21T11:20:19","guid":{"rendered":"http:\/\/www.krabbelstube-krachmacherstrasse.de\/?page_id=209"},"modified":"2013-02-21T13:20:19","modified_gmt":"2013-02-21T11:20:19","slug":"2-2-9-musik-und-musische-bildung","status":"publish","type":"page","link":"https:\/\/www.krabbelstube-krachmacherstrasse.de\/?page_id=209","title":{"rendered":"2.2.9 Musik und musische Bildung"},"content":{"rendered":"<h3>Neben vielf\u00e4ltigen kreativen Angeboten wird auch die Musik t\u00e4glich in den Krabbelstubenalltag eingeflochten. Wir singen mit den Kindern, h\u00f6ren ihnen beim Singen ihrer Lieder zu oder denken uns gemeinsam neue rhythmische Lieder und Reime aus. In unserem Sing- und Spielkreis werden unterschiedliche Lieder und Spiele gesungen, die wir einf\u00fchren oder die Kinder auch von zuhause mitbringen. Musik kann zur Entspannung, aber auch zum ausgelassenen Tanzen dienen. Zu vielen unserer Lieder gibt es Bewegungen, so dass hier auch das K\u00f6rperbewusstsein und die Rhythmik eine gro\u00dfe Rolle spielen. Regelm\u00e4\u00dfig begleiten wir unsere Lieder mit Instrumenten.<\/h3>\n","protected":false},"excerpt":{"rendered":"<p>Neben vielf\u00e4ltigen kreativen Angeboten wird auch die Musik t\u00e4glich in den Krabbelstubenalltag eingeflochten. Wir singen mit den Kindern, h\u00f6ren ihnen beim Singen ihrer Lieder zu oder denken uns gemeinsam neue rhythmische Lieder und Reime aus. In unserem Sing- und Spielkreis&hellip;<\/p>\n<p class=\"more-link-p\"><a class=\"more-link\" href=\"https:\/\/www.krabbelstube-krachmacherstrasse.de\/?page_id=209\">Read more &rarr;<\/a><\/p>\n","protected":false},"author":1,"featured_media":0,"parent":190,"menu_order":9,"comment_status":"closed","ping_status":"closed","template":"","meta":[],"_links":{"self":[{"href":"https:\/\/www.krabbelstube-krachmacherstrasse.de\/index.php?rest_route=\/wp\/v2\/pages\/209"}],"collection":[{"href":"https:\/\/www.krabbelstube-krachmacherstrasse.de\/index.php?rest_route=\/wp\/v2\/pages"}],"about":[{"href":"https:\/\/www.krabbelstube-krachmacherstrasse.de\/index.php?rest_route=\/wp\/v2\/types\/page"}],"author":[{"embeddable":true,"href":"https:\/\/www.krabbelstube-krachmacherstrasse.de\/index.php?rest_route=\/wp\/v2\/users\/1"}],"replies":[{"embeddable":true,"href":"https:\/\/www.krabbelstube-krachmacherstrasse.de\/index.php?rest_route=%2Fwp%2Fv2%2Fcomments&post=209"}],"version-history":[{"count":1,"href":"https:\/\/www.krabbelstube-krachmacherstrasse.de\/index.php?rest_route=\/wp\/v2\/pages\/209\/revisions"}],"predecessor-version":[{"id":210,"href":"https:\/\/www.krabbelstube-krachmacherstrasse.de\/index.php?rest_route=\/wp\/v2\/pages\/209\/revisions\/210"}],"up":[{"embeddable":true,"href":"https:\/\/www.krabbelstube-krachmacherstrasse.de\/index.php?rest_route=\/wp\/v2\/pages\/190"}],"wp:attachment":[{"href":"https:\/\/www.krabbelstube-krachmacherstrasse.de\/index.php?rest_route=%2Fwp%2Fv2%2Fmedia&parent=209"}],"curies":[{"name":"wp","href":"https:\/\/api.w.org\/{rel}","templated":true}]}}