{"id":234,"date":"2013-02-21T13:27:22","date_gmt":"2013-02-21T11:27:22","guid":{"rendered":"http:\/\/www.krabbelstube-krachmacherstrasse.de\/?page_id=234"},"modified":"2013-02-21T13:27:22","modified_gmt":"2013-02-21T11:27:22","slug":"3-2-das-entstehen-eines-sozialen-netzwerkes","status":"publish","type":"page","link":"https:\/\/www.krabbelstube-krachmacherstrasse.de\/?page_id=234","title":{"rendered":"3.2 Das Entstehen eines sozialen Netzwerkes"},"content":{"rendered":"<p>Durch den Kontakt und den Austausch w\u00e4hrend des Krabbelstubenalltags (beim Bringen und Abholen), innerhalb des Vereins (Elternabende und Arbeitskreise) und bei verschiedenen Ausfl\u00fcgen, wird es erm\u00f6glicht, dass sich auch die Eltern untereinander\u00a0 gut kennen lernen. Diese M\u00f6glichkeit ein soziales Netz zu kn\u00fcpfen, kann besonders zugezogenen Familien eine St\u00fctze sein, sowohl im privaten Bereich (bzgl. Austausch und Freundschaften), als auch im praktischen Bereich der Kinderbetreuung au\u00dferhalb der. Krabbelstuben\u00f6ffnungszeiten.<\/p>\n","protected":false},"excerpt":{"rendered":"<p>Durch den Kontakt und den Austausch w\u00e4hrend des Krabbelstubenalltags (beim Bringen und Abholen), innerhalb des Vereins (Elternabende und Arbeitskreise) und bei verschiedenen Ausfl\u00fcgen, wird es erm\u00f6glicht, dass sich auch die Eltern untereinander\u00a0 gut kennen lernen. Diese M\u00f6glichkeit ein soziales Netz&hellip;<\/p>\n<p class=\"more-link-p\"><a class=\"more-link\" href=\"https:\/\/www.krabbelstube-krachmacherstrasse.de\/?page_id=234\">Read more &rarr;<\/a><\/p>\n","protected":false},"author":1,"featured_media":0,"parent":153,"menu_order":2,"comment_status":"closed","ping_status":"closed","template":"","meta":[],"_links":{"self":[{"href":"https:\/\/www.krabbelstube-krachmacherstrasse.de\/index.php?rest_route=\/wp\/v2\/pages\/234"}],"collection":[{"href":"https:\/\/www.krabbelstube-krachmacherstrasse.de\/index.php?rest_route=\/wp\/v2\/pages"}],"about":[{"href":"https:\/\/www.krabbelstube-krachmacherstrasse.de\/index.php?rest_route=\/wp\/v2\/types\/page"}],"author":[{"embeddable":true,"href":"https:\/\/www.krabbelstube-krachmacherstrasse.de\/index.php?rest_route=\/wp\/v2\/users\/1"}],"replies":[{"embeddable":true,"href":"https:\/\/www.krabbelstube-krachmacherstrasse.de\/index.php?rest_route=%2Fwp%2Fv2%2Fcomments&post=234"}],"version-history":[{"count":1,"href":"https:\/\/www.krabbelstube-krachmacherstrasse.de\/index.php?rest_route=\/wp\/v2\/pages\/234\/revisions"}],"predecessor-version":[{"id":235,"href":"https:\/\/www.krabbelstube-krachmacherstrasse.de\/index.php?rest_route=\/wp\/v2\/pages\/234\/revisions\/235"}],"up":[{"embeddable":true,"href":"https:\/\/www.krabbelstube-krachmacherstrasse.de\/index.php?rest_route=\/wp\/v2\/pages\/153"}],"wp:attachment":[{"href":"https:\/\/www.krabbelstube-krachmacherstrasse.de\/index.php?rest_route=%2Fwp%2Fv2%2Fmedia&parent=234"}],"curies":[{"name":"wp","href":"https:\/\/api.w.org\/{rel}","templated":true}]}}