{"id":236,"date":"2013-02-21T13:28:00","date_gmt":"2013-02-21T11:28:00","guid":{"rendered":"http:\/\/www.krabbelstube-krachmacherstrasse.de\/?page_id=236"},"modified":"2013-02-21T13:28:00","modified_gmt":"2013-02-21T11:28:00","slug":"3-3-erziehungspartnerschaft-zwischen-padagogischen-mitarbeitern-und-eltern","status":"publish","type":"page","link":"https:\/\/www.krabbelstube-krachmacherstrasse.de\/?page_id=236","title":{"rendered":"3.3 Erziehungspartnerschaft zwischen p\u00e4dagogischen Mitarbeitern und Eltern"},"content":{"rendered":"<p>Von Anfang an wird in der Krachmacherstra\u00dfe auf einen partnerschaftlichen, wertsch\u00e4tzenden und ehrlichen Umgang wert gelegt. Durch regelm\u00e4\u00dfigen Austausch kann Vertrauen wachsen, das f\u00fcr uns die Basis einer guten Kinderbetreuung erg\u00e4nzend zur Familie ausmacht.<\/p>\n","protected":false},"excerpt":{"rendered":"<p>Von Anfang an wird in der Krachmacherstra\u00dfe auf einen partnerschaftlichen, wertsch\u00e4tzenden und ehrlichen Umgang wert gelegt. Durch regelm\u00e4\u00dfigen Austausch kann Vertrauen wachsen, das f\u00fcr uns die Basis einer guten Kinderbetreuung erg\u00e4nzend zur Familie ausmacht.<\/p>\n","protected":false},"author":1,"featured_media":0,"parent":153,"menu_order":3,"comment_status":"closed","ping_status":"closed","template":"","meta":[],"_links":{"self":[{"href":"https:\/\/www.krabbelstube-krachmacherstrasse.de\/index.php?rest_route=\/wp\/v2\/pages\/236"}],"collection":[{"href":"https:\/\/www.krabbelstube-krachmacherstrasse.de\/index.php?rest_route=\/wp\/v2\/pages"}],"about":[{"href":"https:\/\/www.krabbelstube-krachmacherstrasse.de\/index.php?rest_route=\/wp\/v2\/types\/page"}],"author":[{"embeddable":true,"href":"https:\/\/www.krabbelstube-krachmacherstrasse.de\/index.php?rest_route=\/wp\/v2\/users\/1"}],"replies":[{"embeddable":true,"href":"https:\/\/www.krabbelstube-krachmacherstrasse.de\/index.php?rest_route=%2Fwp%2Fv2%2Fcomments&post=236"}],"version-history":[{"count":1,"href":"https:\/\/www.krabbelstube-krachmacherstrasse.de\/index.php?rest_route=\/wp\/v2\/pages\/236\/revisions"}],"predecessor-version":[{"id":237,"href":"https:\/\/www.krabbelstube-krachmacherstrasse.de\/index.php?rest_route=\/wp\/v2\/pages\/236\/revisions\/237"}],"up":[{"embeddable":true,"href":"https:\/\/www.krabbelstube-krachmacherstrasse.de\/index.php?rest_route=\/wp\/v2\/pages\/153"}],"wp:attachment":[{"href":"https:\/\/www.krabbelstube-krachmacherstrasse.de\/index.php?rest_route=%2Fwp%2Fv2%2Fmedia&parent=236"}],"curies":[{"name":"wp","href":"https:\/\/api.w.org\/{rel}","templated":true}]}}