{"id":240,"date":"2013-02-21T13:29:17","date_gmt":"2013-02-21T11:29:17","guid":{"rendered":"http:\/\/www.krabbelstube-krachmacherstrasse.de\/?page_id=240"},"modified":"2013-02-21T13:30:40","modified_gmt":"2013-02-21T11:30:40","slug":"3-5-eltern-bzw-entwicklungsgesprache","status":"publish","type":"page","link":"https:\/\/www.krabbelstube-krachmacherstrasse.de\/?page_id=240","title":{"rendered":"3.3.2 Eltern bzw. Entwicklungsgespr\u00e4che"},"content":{"rendered":"<p>Mindestens<b> <\/b>zweimal im Jahr finden Elterngespr\u00e4che zwischen den p\u00e4dagogischen Mitarbeitern und den Eltern statt. Je nach Situation k\u00f6nnen diese thematisch sein (Eingew\u00f6hnung, Abschlussgespr\u00e4ch) oder sich als Entwicklungsgespr\u00e4ch gestalten. Diese Gespr\u00e4che finden entweder in der Krabbelstube oder zuhause bei den Eltern statt.<\/p>\n","protected":false},"excerpt":{"rendered":"<p>Mindestens zweimal im Jahr finden Elterngespr\u00e4che zwischen den p\u00e4dagogischen Mitarbeitern und den Eltern statt. Je nach Situation k\u00f6nnen diese thematisch sein (Eingew\u00f6hnung, Abschlussgespr\u00e4ch) oder sich als Entwicklungsgespr\u00e4ch gestalten. Diese Gespr\u00e4che finden entweder in der Krabbelstube oder zuhause bei den Eltern&hellip;<\/p>\n<p class=\"more-link-p\"><a class=\"more-link\" href=\"https:\/\/www.krabbelstube-krachmacherstrasse.de\/?page_id=240\">Read more &rarr;<\/a><\/p>\n","protected":false},"author":1,"featured_media":0,"parent":236,"menu_order":2,"comment_status":"closed","ping_status":"closed","template":"","meta":[],"_links":{"self":[{"href":"https:\/\/www.krabbelstube-krachmacherstrasse.de\/index.php?rest_route=\/wp\/v2\/pages\/240"}],"collection":[{"href":"https:\/\/www.krabbelstube-krachmacherstrasse.de\/index.php?rest_route=\/wp\/v2\/pages"}],"about":[{"href":"https:\/\/www.krabbelstube-krachmacherstrasse.de\/index.php?rest_route=\/wp\/v2\/types\/page"}],"author":[{"embeddable":true,"href":"https:\/\/www.krabbelstube-krachmacherstrasse.de\/index.php?rest_route=\/wp\/v2\/users\/1"}],"replies":[{"embeddable":true,"href":"https:\/\/www.krabbelstube-krachmacherstrasse.de\/index.php?rest_route=%2Fwp%2Fv2%2Fcomments&post=240"}],"version-history":[{"count":2,"href":"https:\/\/www.krabbelstube-krachmacherstrasse.de\/index.php?rest_route=\/wp\/v2\/pages\/240\/revisions"}],"predecessor-version":[{"id":243,"href":"https:\/\/www.krabbelstube-krachmacherstrasse.de\/index.php?rest_route=\/wp\/v2\/pages\/240\/revisions\/243"}],"up":[{"embeddable":true,"href":"https:\/\/www.krabbelstube-krachmacherstrasse.de\/index.php?rest_route=\/wp\/v2\/pages\/236"}],"wp:attachment":[{"href":"https:\/\/www.krabbelstube-krachmacherstrasse.de\/index.php?rest_route=%2Fwp%2Fv2%2Fmedia&parent=240"}],"curies":[{"name":"wp","href":"https:\/\/api.w.org\/{rel}","templated":true}]}}