{"id":252,"date":"2013-02-21T13:34:42","date_gmt":"2013-02-21T11:34:42","guid":{"rendered":"http:\/\/www.krabbelstube-krachmacherstrasse.de\/?page_id=252"},"modified":"2013-02-21T13:34:42","modified_gmt":"2013-02-21T11:34:42","slug":"4-3-anleitung-der-praktikanten","status":"publish","type":"page","link":"https:\/\/www.krabbelstube-krachmacherstrasse.de\/?page_id=252","title":{"rendered":"4.3 Anleitung der Praktikanten"},"content":{"rendered":"<p>Mindestens einmal w\u00f6chentlich besteht der feste Termin f\u00fcr das Anleitungsgespr\u00e4ch. Praktikanten haben au\u00dferdem auch die M\u00f6glichkeit, sich bei allen p\u00e4d. Mitarbeiter Rat, Unterst\u00fctzung und Feedback zu holen.<\/p>\n<p>Anleitung wird als ein Entwicklungsprozess gesehen, auf den sich sowohl Praktikant\/in als auch Anleiterin einlassen sollen. Die Praktikanten sollen sich als ernst genommene, vollwertige Teammitglieder sp\u00fcren k\u00f6nnen und auf diese Weise Eigenverantwortung und Selbst\u00e4ndigkeit entwickeln k\u00f6nnen.<\/p>\n","protected":false},"excerpt":{"rendered":"<p>Mindestens einmal w\u00f6chentlich besteht der feste Termin f\u00fcr das Anleitungsgespr\u00e4ch. Praktikanten haben au\u00dferdem auch die M\u00f6glichkeit, sich bei allen p\u00e4d. Mitarbeiter Rat, Unterst\u00fctzung und Feedback zu holen. Anleitung wird als ein Entwicklungsprozess gesehen, auf den sich sowohl Praktikant\/in als auch&hellip;<\/p>\n<p class=\"more-link-p\"><a class=\"more-link\" href=\"https:\/\/www.krabbelstube-krachmacherstrasse.de\/?page_id=252\">Read more &rarr;<\/a><\/p>\n","protected":false},"author":1,"featured_media":0,"parent":155,"menu_order":3,"comment_status":"closed","ping_status":"closed","template":"","meta":[],"_links":{"self":[{"href":"https:\/\/www.krabbelstube-krachmacherstrasse.de\/index.php?rest_route=\/wp\/v2\/pages\/252"}],"collection":[{"href":"https:\/\/www.krabbelstube-krachmacherstrasse.de\/index.php?rest_route=\/wp\/v2\/pages"}],"about":[{"href":"https:\/\/www.krabbelstube-krachmacherstrasse.de\/index.php?rest_route=\/wp\/v2\/types\/page"}],"author":[{"embeddable":true,"href":"https:\/\/www.krabbelstube-krachmacherstrasse.de\/index.php?rest_route=\/wp\/v2\/users\/1"}],"replies":[{"embeddable":true,"href":"https:\/\/www.krabbelstube-krachmacherstrasse.de\/index.php?rest_route=%2Fwp%2Fv2%2Fcomments&post=252"}],"version-history":[{"count":1,"href":"https:\/\/www.krabbelstube-krachmacherstrasse.de\/index.php?rest_route=\/wp\/v2\/pages\/252\/revisions"}],"predecessor-version":[{"id":253,"href":"https:\/\/www.krabbelstube-krachmacherstrasse.de\/index.php?rest_route=\/wp\/v2\/pages\/252\/revisions\/253"}],"up":[{"embeddable":true,"href":"https:\/\/www.krabbelstube-krachmacherstrasse.de\/index.php?rest_route=\/wp\/v2\/pages\/155"}],"wp:attachment":[{"href":"https:\/\/www.krabbelstube-krachmacherstrasse.de\/index.php?rest_route=%2Fwp%2Fv2%2Fmedia&parent=252"}],"curies":[{"name":"wp","href":"https:\/\/api.w.org\/{rel}","templated":true}]}}