{"id":588,"date":"2023-04-29T16:10:20","date_gmt":"2023-04-29T14:10:20","guid":{"rendered":"https:\/\/www.krabbelstube-krachmacherstrasse.de\/?page_id=588"},"modified":"2023-04-29T16:13:16","modified_gmt":"2023-04-29T14:13:16","slug":"laura","status":"publish","type":"page","link":"https:\/\/www.krabbelstube-krachmacherstrasse.de\/?page_id=588","title":{"rendered":"Laura"},"content":{"rendered":"\n<figure class=\"wp-block-image size-large\"><img decoding=\"async\" loading=\"lazy\" width=\"768\" height=\"1024\" src=\"https:\/\/www.krabbelstube-krachmacherstrasse.de\/wp-content\/uploads\/2023\/04\/Foto-08.10.22-09-57-31-768x1024.jpg\" alt=\"\" class=\"wp-image-593\" srcset=\"https:\/\/www.krabbelstube-krachmacherstrasse.de\/wp-content\/uploads\/2023\/04\/Foto-08.10.22-09-57-31-768x1024.jpg 768w, https:\/\/www.krabbelstube-krachmacherstrasse.de\/wp-content\/uploads\/2023\/04\/Foto-08.10.22-09-57-31-scaled-225x300.jpg 225w, https:\/\/www.krabbelstube-krachmacherstrasse.de\/wp-content\/uploads\/2023\/04\/Foto-08.10.22-09-57-31-scaled-1152x1536.jpg 1152w, https:\/\/www.krabbelstube-krachmacherstrasse.de\/wp-content\/uploads\/2023\/04\/Foto-08.10.22-09-57-31-scaled-1536x2048.jpg 1536w, https:\/\/www.krabbelstube-krachmacherstrasse.de\/wp-content\/uploads\/2023\/04\/Foto-08.10.22-09-57-31-scaled.jpg 1920w\" sizes=\"(max-width: 768px) 100vw, 768px\" \/><\/figure>\n\n\n\n<p><strong>Laura&nbsp;<\/strong>ist seit 2017 staatlich gepr\u00fcfte Kinderpflegerin, 2021 hat sie auch die Ausbildung zur staatlich anerkannten Erzieherin an der evangelischen Fachakademie f\u00fcr Sozialp\u00e4dagogik erfolgreich abgeschlossen. 2017 bis 2018 hat sie das Krachmacherteam als Kinderpflegerin unterst\u00fctzt, seit September 2021 auch als Erzieherin.<\/p>\n\n\n\n<p><strong>Fort- und Weiterbildungen:<\/strong><br><strong>&#8211;\u00a0<\/strong>Gespr\u00e4chsf\u00fchrung<br>&#8211; \u00c4sthetische Bildung im Alltag<br>&#8211; Umweltethik<br>&#8211; P\u00e4dagogische Arbeit mit Kindern von 0-3 Jahren<br>&#8211; Autismus und herausfordernde Verhaltensweisen &#8211; von der Analyse\u00a0 zum konstruktiven Umgang<br>&#8211; Krippenkongress: Eingew\u00f6hnung und Beziehungsaufbau in der Kita unter Ber\u00fccksichtigung einer kultursensitiven Perspektive, Selbstf\u00fcrsorge f\u00fcr Fachkr\u00e4fte im Krippenalltag, Praktikant*innen kompetent und kreativ anleiten, St\u00e4rkung des Kita-Teams im U3 Bereich<\/p>\n","protected":false},"excerpt":{"rendered":"<p>Laura&nbsp;ist seit 2017 staatlich gepr\u00fcfte Kinderpflegerin, 2021 hat sie auch die Ausbildung zur staatlich anerkannten Erzieherin an der evangelischen Fachakademie f\u00fcr Sozialp\u00e4dagogik erfolgreich abgeschlossen. 2017 bis 2018 hat sie das Krachmacherteam als Kinderpflegerin unterst\u00fctzt, seit September 2021 auch als Erzieherin.&hellip;<\/p>\n<p class=\"more-link-p\"><a class=\"more-link\" href=\"https:\/\/www.krabbelstube-krachmacherstrasse.de\/?page_id=588\">Read more &rarr;<\/a><\/p>\n","protected":false},"author":1,"featured_media":0,"parent":24,"menu_order":3,"comment_status":"closed","ping_status":"closed","template":"","meta":[],"_links":{"self":[{"href":"https:\/\/www.krabbelstube-krachmacherstrasse.de\/index.php?rest_route=\/wp\/v2\/pages\/588"}],"collection":[{"href":"https:\/\/www.krabbelstube-krachmacherstrasse.de\/index.php?rest_route=\/wp\/v2\/pages"}],"about":[{"href":"https:\/\/www.krabbelstube-krachmacherstrasse.de\/index.php?rest_route=\/wp\/v2\/types\/page"}],"author":[{"embeddable":true,"href":"https:\/\/www.krabbelstube-krachmacherstrasse.de\/index.php?rest_route=\/wp\/v2\/users\/1"}],"replies":[{"embeddable":true,"href":"https:\/\/www.krabbelstube-krachmacherstrasse.de\/index.php?rest_route=%2Fwp%2Fv2%2Fcomments&post=588"}],"version-history":[{"count":2,"href":"https:\/\/www.krabbelstube-krachmacherstrasse.de\/index.php?rest_route=\/wp\/v2\/pages\/588\/revisions"}],"predecessor-version":[{"id":595,"href":"https:\/\/www.krabbelstube-krachmacherstrasse.de\/index.php?rest_route=\/wp\/v2\/pages\/588\/revisions\/595"}],"up":[{"embeddable":true,"href":"https:\/\/www.krabbelstube-krachmacherstrasse.de\/index.php?rest_route=\/wp\/v2\/pages\/24"}],"wp:attachment":[{"href":"https:\/\/www.krabbelstube-krachmacherstrasse.de\/index.php?rest_route=%2Fwp%2Fv2%2Fmedia&parent=588"}],"curies":[{"name":"wp","href":"https:\/\/api.w.org\/{rel}","templated":true}]}}