{"id":643,"date":"2023-05-24T21:16:47","date_gmt":"2023-05-24T19:16:47","guid":{"rendered":"https:\/\/www.krabbelstube-krachmacherstrasse.de\/?page_id=643"},"modified":"2023-07-28T11:31:26","modified_gmt":"2023-07-28T09:31:26","slug":"spenden","status":"publish","type":"page","link":"https:\/\/www.krabbelstube-krachmacherstrasse.de\/?page_id=643","title":{"rendered":"Spenden"},"content":{"rendered":"\n<p>Auch in Zeiten knapper \u00f6ffentlicher Kassen, steigender Mieten und Energiekosten m\u00f6chten wir unsere Elternbeitr\u00e4ge so gering wie m\u00f6glich halten. Dadurch m\u00fcssen wir immer wieder Anschaffungen f\u00fcr die Krabbelstube Krachmacherstra\u00dfe aufschieben.<\/p>\n\n\n\n<p>Mit einer Spende \u2013 egal wie gro\u00df oder klein \u2013 k\u00f6nnen Sie uns weiterhelfen!<br><br><a href=\"https:\/\/www.paypal.com\/donate\/?hosted_button_id=VG3B88QXF6X8C\">Sofort spenden \u00fcber paypal oder Kreditkarte.<\/a><\/p>\n\n\n\n<p>Alternativ k\u00f6nnen Sie uns die Spende nat\u00fcrlich auch \u00fcberweisen:<br>Krachmacherstra\u00dfe e.V.<br>Volksbank Raiffeisenbank N\u00fcrnberg<br>IBAN: DE62 760 606 18 000 271 76 62<br>BIC: GENO DEF1 NO2<br><\/p>\n","protected":false},"excerpt":{"rendered":"<p>Auch in Zeiten knapper \u00f6ffentlicher Kassen, steigender Mieten und Energiekosten m\u00f6chten wir unsere Elternbeitr\u00e4ge so gering wie m\u00f6glich halten. Dadurch m\u00fcssen wir immer wieder Anschaffungen f\u00fcr die Krabbelstube Krachmacherstra\u00dfe aufschieben. Mit einer Spende \u2013 egal wie gro\u00df oder klein \u2013&hellip;<\/p>\n<p class=\"more-link-p\"><a class=\"more-link\" href=\"https:\/\/www.krabbelstube-krachmacherstrasse.de\/?page_id=643\">Read more &rarr;<\/a><\/p>\n","protected":false},"author":1,"featured_media":0,"parent":0,"menu_order":0,"comment_status":"closed","ping_status":"closed","template":"","meta":[],"_links":{"self":[{"href":"https:\/\/www.krabbelstube-krachmacherstrasse.de\/index.php?rest_route=\/wp\/v2\/pages\/643"}],"collection":[{"href":"https:\/\/www.krabbelstube-krachmacherstrasse.de\/index.php?rest_route=\/wp\/v2\/pages"}],"about":[{"href":"https:\/\/www.krabbelstube-krachmacherstrasse.de\/index.php?rest_route=\/wp\/v2\/types\/page"}],"author":[{"embeddable":true,"href":"https:\/\/www.krabbelstube-krachmacherstrasse.de\/index.php?rest_route=\/wp\/v2\/users\/1"}],"replies":[{"embeddable":true,"href":"https:\/\/www.krabbelstube-krachmacherstrasse.de\/index.php?rest_route=%2Fwp%2Fv2%2Fcomments&post=643"}],"version-history":[{"count":7,"href":"https:\/\/www.krabbelstube-krachmacherstrasse.de\/index.php?rest_route=\/wp\/v2\/pages\/643\/revisions"}],"predecessor-version":[{"id":664,"href":"https:\/\/www.krabbelstube-krachmacherstrasse.de\/index.php?rest_route=\/wp\/v2\/pages\/643\/revisions\/664"}],"wp:attachment":[{"href":"https:\/\/www.krabbelstube-krachmacherstrasse.de\/index.php?rest_route=%2Fwp%2Fv2%2Fmedia&parent=643"}],"curies":[{"name":"wp","href":"https:\/\/api.w.org\/{rel}","templated":true}]}}