{"id":694,"date":"2025-03-07T12:15:36","date_gmt":"2025-03-07T10:15:36","guid":{"rendered":"https:\/\/www.krabbelstube-krachmacherstrasse.de\/?page_id=694"},"modified":"2025-03-16T01:53:59","modified_gmt":"2025-03-15T23:53:59","slug":"foerdermitgliedschaft","status":"publish","type":"page","link":"https:\/\/www.krabbelstube-krachmacherstrasse.de\/?page_id=694","title":{"rendered":"F\u00f6rdermitgliedschaft"},"content":{"rendered":"\n<p>Mit einer F\u00f6rdermitgliedschaft im Verein Krachmacherstra\u00dfe e.V. kannst Du einen Beitrag dazu leisten die Qualit\u00e4t unserer p\u00e4dagogischen Arbeit zu sichern. Du unterst\u00fctzt die Durchf\u00fchrung spannender Projekte f\u00fcr unsere Krabbelstubenkinder und erm\u00f6glichst regelm\u00e4\u00dfige Erneuerungen der Einrichtungsausstattung.&nbsp;<\/p>\n\n\n\n<p>Dabei kannst Du uns bereits mit 3 EUR im Monat (36 EUR im Jahr) unterst\u00fctzen.<\/p>\n\n\n\n<p>Einfach Beitrittserkl\u00e4rung <a href=\"https:\/\/www.krabbelstube-krachmacherstrasse.de\/wp-content\/uploads\/2025\/03\/Antrag-_Foedermitgliedschaft.pdf\"><strong>hier<\/strong><\/a> ausf\u00fcllen und in der Krabbelstube abgegeben, oder per Post oder Mail (spenden(at)<a rel=\"noreferrer noopener\" href=\"http:\/\/krabbelstube-krachmacherstrasse.de\/\" target=\"_blank\">krabbelstube-krachmacherstrasse.de<\/a>) an uns schicken.<\/p>\n\n\n\n<p><\/p>\n","protected":false},"excerpt":{"rendered":"<p>Mit einer F\u00f6rdermitgliedschaft im Verein Krachmacherstra\u00dfe e.V. kannst Du einen Beitrag dazu leisten die Qualit\u00e4t unserer p\u00e4dagogischen Arbeit zu sichern. Du unterst\u00fctzt die Durchf\u00fchrung spannender Projekte f\u00fcr unsere Krabbelstubenkinder und erm\u00f6glichst regelm\u00e4\u00dfige Erneuerungen der Einrichtungsausstattung.&nbsp; Dabei kannst Du uns bereits&hellip;<\/p>\n<p class=\"more-link-p\"><a class=\"more-link\" href=\"https:\/\/www.krabbelstube-krachmacherstrasse.de\/?page_id=694\">Read more &rarr;<\/a><\/p>\n","protected":false},"author":1,"featured_media":0,"parent":0,"menu_order":0,"comment_status":"closed","ping_status":"closed","template":"","meta":[],"_links":{"self":[{"href":"https:\/\/www.krabbelstube-krachmacherstrasse.de\/index.php?rest_route=\/wp\/v2\/pages\/694"}],"collection":[{"href":"https:\/\/www.krabbelstube-krachmacherstrasse.de\/index.php?rest_route=\/wp\/v2\/pages"}],"about":[{"href":"https:\/\/www.krabbelstube-krachmacherstrasse.de\/index.php?rest_route=\/wp\/v2\/types\/page"}],"author":[{"embeddable":true,"href":"https:\/\/www.krabbelstube-krachmacherstrasse.de\/index.php?rest_route=\/wp\/v2\/users\/1"}],"replies":[{"embeddable":true,"href":"https:\/\/www.krabbelstube-krachmacherstrasse.de\/index.php?rest_route=%2Fwp%2Fv2%2Fcomments&post=694"}],"version-history":[{"count":7,"href":"https:\/\/www.krabbelstube-krachmacherstrasse.de\/index.php?rest_route=\/wp\/v2\/pages\/694\/revisions"}],"predecessor-version":[{"id":702,"href":"https:\/\/www.krabbelstube-krachmacherstrasse.de\/index.php?rest_route=\/wp\/v2\/pages\/694\/revisions\/702"}],"wp:attachment":[{"href":"https:\/\/www.krabbelstube-krachmacherstrasse.de\/index.php?rest_route=%2Fwp%2Fv2%2Fmedia&parent=694"}],"curies":[{"name":"wp","href":"https:\/\/api.w.org\/{rel}","templated":true}]}}