{"id":87,"date":"2013-02-20T20:10:47","date_gmt":"2013-02-20T18:10:47","guid":{"rendered":"http:\/\/www.krabbelstube-krachmacherstrasse.de\/?page_id=87"},"modified":"2025-12-01T19:47:28","modified_gmt":"2025-12-01T17:47:28","slug":"impressum","status":"publish","type":"page","link":"https:\/\/www.krabbelstube-krachmacherstrasse.de\/?page_id=87","title":{"rendered":"Impressum"},"content":{"rendered":"<h2>Impressum<\/h2>\n<p>Krachmacherstra\u00dfe e.V.<br \/>\nF\u00fcrther Stra\u00dfe 22<br \/>\n90429 N\u00fcrnberg<\/p>\n<p>Telefon: 0911-274 68 26<br \/>\nE-Mail: <a href=\"mailto:info@krabbelstube-krachmacherstrasse.de\">info(at)krabbelstube-krachmacherstrasse.de<\/a><\/p>\n<p>Jean Perke, 1. Vorsitzender<br \/>\nBenedikt Buchm\u00fcller, 1. Stellvertreter<br \/>\nSebastian Lein, 2. Stellvertreter<br \/>\nKevin Gugel, Kassenwart<br \/>\nSabine Pusch-Linhardt, Schriftf\u00fchrerin<\/p>\n<p><strong>Registereintrag:<\/strong><br \/>\nEingetragen im Vereinsregister.<br \/>\nRegistergericht: N\u00fcrnberg<br \/>\nRegisternummer: 200177<\/p>\n","protected":false},"excerpt":{"rendered":"<p>Impressum Krachmacherstra\u00dfe e.V. F\u00fcrther Stra\u00dfe 22 90429 N\u00fcrnberg Telefon: 0911-274 68 26 E-Mail: info(at)krabbelstube-krachmacherstrasse.de Jean Perke, 1. Vorsitzender Benedikt Buchm\u00fcller, 1. Stellvertreter Sebastian Lein, 2. Stellvertreter Kevin Gugel, Kassenwart Sabine Pusch-Linhardt, Schriftf\u00fchrerin Registereintrag: Eingetragen im Vereinsregister. Registergericht: N\u00fcrnberg Registernummer: 200177<\/p>\n","protected":false},"author":1,"featured_media":0,"parent":0,"menu_order":0,"comment_status":"closed","ping_status":"closed","template":"","meta":[],"_links":{"self":[{"href":"https:\/\/www.krabbelstube-krachmacherstrasse.de\/index.php?rest_route=\/wp\/v2\/pages\/87"}],"collection":[{"href":"https:\/\/www.krabbelstube-krachmacherstrasse.de\/index.php?rest_route=\/wp\/v2\/pages"}],"about":[{"href":"https:\/\/www.krabbelstube-krachmacherstrasse.de\/index.php?rest_route=\/wp\/v2\/types\/page"}],"author":[{"embeddable":true,"href":"https:\/\/www.krabbelstube-krachmacherstrasse.de\/index.php?rest_route=\/wp\/v2\/users\/1"}],"replies":[{"embeddable":true,"href":"https:\/\/www.krabbelstube-krachmacherstrasse.de\/index.php?rest_route=%2Fwp%2Fv2%2Fcomments&post=87"}],"version-history":[{"count":9,"href":"https:\/\/www.krabbelstube-krachmacherstrasse.de\/index.php?rest_route=\/wp\/v2\/pages\/87\/revisions"}],"predecessor-version":[{"id":740,"href":"https:\/\/www.krabbelstube-krachmacherstrasse.de\/index.php?rest_route=\/wp\/v2\/pages\/87\/revisions\/740"}],"wp:attachment":[{"href":"https:\/\/www.krabbelstube-krachmacherstrasse.de\/index.php?rest_route=%2Fwp%2Fv2%2Fmedia&parent=87"}],"curies":[{"name":"wp","href":"https:\/\/api.w.org\/{rel}","templated":true}]}}